
7
Suppose -4*t = -2*h, -t - 15 = 5*h - 37. Suppose 0*n = -n + t*g + 91, 5*n - 437 = g. What is the tens digit of n?
8
Let h = -56 + 20. Let c be (-4)/40*226 + (-3)/(-5). Let w = c - h. What is the units digit of w?
4
Let s(c) = 47*c + 15. Let u be s(7). Suppose 0 = 4*t + 5*o + u, 2*t - t + 3*o = -86. Let a = t + 135. What is the units digit of a?
9
Let l be (((-20)/3)/(-2))/((-14)/(-21)). Suppose -s = l*s - 642. What is the units digit of s?
7
Suppose -z + 6 = 3*i - 2*i, 0 = 5*i - 4*z - 3. What is the tens digit of -30*((-19)/i + 4)?
7
Suppose -11*f + 662 = -10096. What is the hundreds digit of f?
9
What is the units digit of (-26)/(-39) - (-1592)/6?
6
What is the units digit of -6*(-102)/72*4?
4
Suppose 2*v - 4*x + 17 = 49, 21 = 3*v + 3*x. Let t(u) = u**3 - 9*u**2 - 8*u - 8. What is the units digit of t(v)?
2
Suppose n - 11 = 2*j, -12 = n + 5*j + 5. Suppose -73 = -5*x + 4*m, -8*m + n*m = -3*x + 49. What is the tens digit of (1 + -2 + 3)*x?
2
Suppose 5*t - 254 = t - 2*y, -5*y = -15. What is the tens digit of t?
6
What is the units digit of (15 - 9)/((-3)/(-584))?
8
Suppose -3*p - 2*g + 563 = 4, 0 = 4*p + 3*g - 744. What is the hundreds digit of p?
1
Let f = 470 - 277. What is the units digit of f?
3
Suppose 3 + 6 = 3*w. Suppose 174 = 6*h - w*h. What is the tens digit of h?
5
Suppose 4*s = 24 + 132. Let o be (-2)/(s/12 + -3). Let i(x) = -4*x + 12. What is the units digit of i(o)?
4
Let b = 27 + -25. Suppose 8 + 4 = 3*j, b*p + 2*j = 168. What is the units digit of p?
0
Let q be (-145)/(-40) + (-3)/(-8). Suppose q*u - 489 - 35 = 0. What is the units digit of u?
1
Suppose 0*i + 2*i = 22. Let x = -7 + i. Suppose 0 = -4*s + x, 18 = -2*n - 3*s + 53. What is the units digit of n?
6
Let a(s) = 36*s**2 + 6*s - 14. What is the hundreds digit of a(-4)?
5
Let j(o) = -6 - 4*o - 186*o**3 + 185*o**3 - 16*o**2 + 3*o**2. What is the units digit of j(-14)?
6
Suppose 516 = -15*o + 21*o. What is the units digit of o?
6
Suppose -j + 3*p - 6 + 38 = 0, -j = p - 40. Suppose -35*v + j*v = 522. What is the tens digit of v?
7
Let k(w) = -6*w + 4*w**2 - 2*w**2 - w - 27. What is the units digit of k(9)?
2
Let i(d) = -3*d**3 + 14*d**2 + 4*d + 9. Let y(h) = 7*h**3 - 28*h**2 - 9*h - 18. Let f(u) = -5*i(u) - 2*y(u). What is the hundreds digit of f(15)?
1
Let l(m) = m**2 + 2*m + 2. Suppose 0 = -8*a + 4*a. What is the units digit of l(a)?
2
Let f(k) = 11 + 2*k + 4 - 3*k. Let r be f(11). Suppose -8 = r*b - 76. What is the tens digit of b?
1
Let r = 2186 - 1327. What is the hundreds digit of r?
8
Let w(p) = 5*p - 3. Suppose 5*v - 4*j + 22 = 77, -4*v + 4*j + 40 = 0. Suppose 4*o + 4 = 0, -4*y - 3*o - 2*o + v = 0. What is the units digit of w(y)?
2
Let y be (-1)/8 + 55/(-8). Let r = y + 21. What is the units digit of r?
4
Let a(i) be the second derivative of 11/2*i**2 + 1/3*i**3 - i + 0. What is the units digit of a(11)?
3
Let v(n) = n**2 + 2*n + 4. Let o be v(-2). Suppose 4*k - 36 - 12 = 0. Let q = o + k. What is the units digit of q?
6
Suppose -6329 = -3*x + 2*u - 888, -7256 = -4*x + 3*u. What is the units digit of x?
1
Let j(a) be the third derivative of -a**6/120 + a**5/15 + a**4/24 + a**3/3 + 2*a**2. Let h be j(4). Suppose -5*v = -h*v + 29. What is the tens digit of v?
2
Let b(t) = -t**3 - t**2 + t - 4. Let p be b(-4). Let v = p - 31. What is the units digit of v?
9
Let k be (1179/(-36))/((-2)/56). Suppose 0 = -6*c + k - 113. What is the units digit of c?
4
Let f be (-5)/(-10) + 42/(-4). Let l = f + 118. What is the hundreds digit of l?
1
Suppose -1 + 16 = 5*i. Suppose i*s - 29 = 46. What is the units digit of s?
5
Let s = -31 + 95. What is the tens digit of s/(-16)*(-20 - 0)?
8
Let v(z) = 5*z**2 + 8*z - 3. Let g be v(9). Suppose 4*b = -162 + g. Suppose 0 = 4*i - i - b. What is the tens digit of i?
2
Suppose v - 152 = 4*w, 3*w - v + 101 = 3*v. What is the units digit of (0 - -5)/(-3 - 120/w)?
5
Let j(o) = 5*o**2 + 12*o + 8. Let v be 2/(-8) + (-23)/4. What is the tens digit of j(v)?
1
What is the hundreds digit of (4280/(-24))/(-2 - 15/(-9))?
5
Let j(w) = -3*w**2 + 6*w**2 - 4 - 5*w - 2*w**2 - 2*w. Let c be j(7). Let t = 40 + c. What is the tens digit of t?
3
Let g be 9/(-3) - (-1 - 32). Let r be (g + -18)*1/2. What is the tens digit of (200/14)/(r/21)?
5
Suppose 0 = 40*b - 45*b + 2355. What is the tens digit of b?
7
Let s(q) = -3*q**3 - 8*q**2 - 10*q + 11. Suppose b - 8 = -13. What is the tens digit of s(b)?
3
Let v = 7810 - 5563. What is the tens digit of v?
4
Let r(s) be the first derivative of -s**2/2 + 9*s - 3. What is the tens digit of r(-10)?
1
Let j(n) = 2*n**2 - 1 + 2*n**3 + 11*n**3 + 0*n**3. Let a(k) = -17*k + 35. Let s be a(2). What is the tens digit of j(s)?
1
What is the tens digit of (-878)/(-3) - 6/(-18)?
9
Let r = 56 - -16. Let j = r + -68. What is the units digit of j?
4
Let x be (10/4)/(17/34). Suppose 0 = -n, -x*n + 12 = 5*t - 3. Suppose -t*o + 59 = i, 5*i - 32 - 3 = -2*o. What is the tens digit of o?
2
Let p(q) = -3*q**3 - 34*q**2 - 20*q - 6. What is the hundreds digit of p(-14)?
8
Suppose 0 = -9*x + 4*x + 90. Let d = x + -21. Let u(k) = -3*k + 5. What is the units digit of u(d)?
4
Suppose 0*u = -5*u + 15. Suppose 10*v - 12*v = -68. Suppose u*y - 4*y + v = 0. What is the units digit of y?
4
Suppose 7 = u - 13. Suppose -5*v - 25 = -5*b, b = 3*b + 5*v + 25. Suppose -6*x + 272 - u = b. What is the tens digit of x?
4
What is the hundreds digit of (2/(-4))/((-39)/35958)?
4
Suppose -5*f + 5*v + 28 + 27 = 0, -v = 0. Let w(z) = z**3 + 2*z**2 + 5*z + 1. Let j be w(-2). Let k = j + f. What is the units digit of k?
2
Let b(l) = l**3 - 17*l**2 + 8*l - 13. Let d(o) = -o**2 + 1. Let a(n) = -b(n) + 4*d(n). What is the tens digit of a(12)?
6
Let m(h) = -17*h + 2*h**2 - 4 - 18*h + 21*h. What is the tens digit of m(10)?
5
Suppose -105 = 3*y + s, -2*y + 155 = -7*y + 5*s. Let k = y - -49. What is the tens digit of (k/(-10))/((-2)/16)?
1
Suppose -5*p + 4*h = -7063, 0 = -79*p + 76*p + 2*h + 4237. What is the hundreds digit of p?
4
Let o = -7 - -7. Let t be o*((-44)/(-12) - 4). Suppose -12*z + 17*z - 240 = t. What is the units digit of z?
8
Let r = -281 - -491. What is the hundreds digit of r?
2
Let z(p) be the second derivative of -3*p**3/2 + 33*p**2 + 27*p. What is the tens digit of z(-7)?
2
Suppose 4*w = -4*t - 128, -3*t + 0*t + 3*w - 114 = 0. Let z = -32 - t. What is the tens digit of ((-64)/(-20))/(z/30)?
3
Suppose 0 = z + 2*y - 362 - 447, z + 3*y - 812 = 0. What is the units digit of z?
3
Let r(t) = 13*t**2 - 5*t + 14. What is the units digit of r(6)?
2
Let t(z) = -593*z**3 - z**2 + 5*z - 2. Let o be t(2). What is the tens digit of o/(-21) - 6/(-21)?
2
Suppose 0*p - r + 27 = 5*p, 3*p + 2*r - 19 = 0. Suppose p*d + 248 = -2*q + 4*q, -5*q - 2*d = -620. Let g = q + -89. What is the tens digit of g?
3
Let x(a) be the second derivative of -4*a**3/3 + a**2/2 - 6*a. What is the units digit of x(-2)?
7
Let x be -5*(72/(-15))/(-4). Let u(k) = -k**2 - 18*k - 1. What is the tens digit of u(x)?
7
Suppose -1019 = 7*x + 1571. What is the units digit of x/4*(-3 - (-11)/5)?
4
Suppose -26 = -h + 2*x, -10*x + 97 = 2*h - 5*x. What is the tens digit of h?
3
Let n be 4*(8/40 - 58/40). Let a = 14 - 17. What is the units digit of (1 - (n - a)) + 42?
5
Let z(l) = -2725*l**3 + 8*l**2 + 4*l - 3. What is the tens digit of z(-1)?
2
Suppose -151*j + 147*j = -1028. What is the units digit of j?
7
Let w(u) = -u + 1. Let i(r) = -22*r - 10. Let o(p) = -i(p) - 3*w(p). What is the tens digit of o(5)?
3
Let f be 2/(-8) + 513/4. Let r = -91 + f. Let t = -16 + r. What is the tens digit of t?
2
Suppose 0 = -2*n + 6, -n + 3*n + 6 = 4*k. Let s be (-1)/(k/(9 - 3)). What is the units digit of 28/(-16)*(-2 + s)?
7
Let a = 2675 - 399. What is the tens digit of a?
7
Let g = 3 - 12. Let a be g/(-3)*5*1. Suppose -f = -4*f + a. What is the units digit of f?
5
Let i(q) = -9*q + 5. Suppose 3*l = -3*g + 57, -g = 4*l + g - 68. Let y be 12/(-2)*10/l. What is the units digit of i(y)?
1
Suppose -19*z + 23350 = 31*z. What is the tens digit of z?
6
Suppose 5*s + 26 = 46. Suppose -s*i - 3*q = q - 328, 2*i = -4*q + 160. What is the units digit of i?
4
What is the units digit of 10*((-94435)/22)/(-17)?
5
Suppose -k - 4*g = -2*g - 18, -3*g = -k + 8. Suppose -29*x + k*x + 3300 = 0. What is the tens digit of x?
2
Suppose -5*w - 33 = -o